Let s(i) = -8*i - 70. What is s(-5)?
-30
Let m(s) = 2*s**3 - 6*s**2 + 3*s - 3. Calculate m(4).
41
Let w(a) = -a**2 - 5*a - 2. What is w(-4)?
2
Let l(o) = -2*o**2 - 12*o + 31. Determine l(-8).
-1
Let p(o) = -o**3 - 8*o**2 + o + 7. Calculate p(-8).
-1
Let j(b) = -b**3 - 11*b**2 + 9*b - 37. Calculate j(-12).
-1
Let s(k) = 6*k**2 + 6*k + 6. Determine s(-2).
18
Let b(c) = -c**2 + 12*c + 40. Determine b(14).
12
Let s(d) = -d**2 + d + 12. Give s(-3).
0
Let x(a) = -a**3 + 17*a**2 + 4*a - 52. Calculate x(17).
16
Let g(i) = -9*i**2 + i + 2. Give g(-1).
-8
Let g(h) = 2*h - 13. Give g(-15).
-43
Let p(l) = -9*l - 16. What is p(-3)?
11
Let v(f) = -29*f**3 + f**2 + 4*f + 3. What is v(-1)?
29
Let f(c) = c + 6. Calculate f(-11).
-5
Let b(v) = -v**2 - 3*v + 13. Give b(-7).
-15
Let c(z) = z**3 - 10*z**2 - z - 2. Determine c(10).
-12
Let w(a) = -a - 3. Determine w(-3).
0
Let d(b) = b**2 + 11*b - 20. Determine d(-12).
-8
Let v(g) = -g**3 + 8*g**2 - g - 6. Give v(8).
-14
Let k(c) = -13*c - 22. Give k(-9).
95
Let b(a) = -14*a + 333. Determine b(23).
11
Let g(l) = 2*l - 47. Determine g(21).
-5
Let g(s) = -8*s**3 - s + 2. Calculate g(2).
-64
Let j(u) = -7*u - 84. What is j(-13)?
7
Let h(u) = 6*u + 84. What is h(0)?
84
Let z(i) = 2*i**2 + 3*i - 11. Give z(-5).
24
Let m(h) = -h**3 - 3*h**2 + 17*h - 2. Give m(-6).
4
Let s(x) = -7*x**3 - 2*x + 1. Calculate s(1).
-8
Let l(d) = 3*d**3 + 51*d**2 - 23. Give l(-17).
-23
Let z(y) = y**3 - 4*y**2 - 59*y + 7. Calculate z(-6).
1
Let x(l) = 3*l**2 - 52*l + 13. Determine x(16).
-51
Let w(i) = i**2 + 10*i + 39. Calculate w(-7).
18
Let s(f) = -f**2 + 30*f - 184. Determine s(9).
5
Let q(o) = o**3 - 11*o**2 + 5*o + 11. Calculate q(10).
-39
Let c(z) = z**3 - 3*z**2 - 3*z - 1. Give c(-3).
-46
Let k(t) = t**2 + 39*t - 328. Calculate k(7).
-6
Let c(y) = y**3 + 22*y**2 - 24*y + 42. What is c(-23)?
65
Let g(d) = -d**3 - 31*d**2 - 211*d - 23. Calculate g(-21).
-2
Let f(k) = -k**2 - 13*k - 15. Give f(-12).
-3
Let q(w) = -w**3 + w**2 + 23*w. What is q(-4)?
-12
Let z(s) = 14*s**3 + 55*s**2 - 6*s - 7. Calculate z(-4).
1
Let i(h) = h**2 + h + 9. Calculate i(-3).
15
Let k(i) = -4*i**2 + 4*i - 2. Calculate k(2).
-10
Let u(k) = k**3 + 10*k**2 + 11*k + 22. Calculate u(-9).
4
Let u(w) = -w**3 + 18*w**2 - 14*w - 32. Calculate u(17).
19
Let i(q) = 3*q + 190. Determine i(-66).
-8
Let y(v) = -10*v**2 - 3*v - 1. Determine y(-2).
-35
Let m(k) = 14*k - 261. Give m(19).
5
Let p(d) = 4*d - 15. Give p(7).
13
Let q(d) = d**3 + 7*d**2 + 2*d - 7. Give q(-6).
17
Let p(r) = -21*r - 163. Give p(-7).
-16
Let z(j) = -j**2 - 63*j - 806. What is z(-17)?
-24
Let z(h) = h**2 + 12*h + 13. Give z(-11).
2
Let l(g) = g**3 - 5*g**2 - 5*g + 17. What is l(5)?
-8
Let l(y) = -3*y - 16. Give l(9).
-43
Let w(z) = 2*z**3 + 2*z**2 - 2*z - 1. Determine w(2).
19
Let m(s) = -s**2 + 7*s + 2. Determine m(7).
2
Let x(k) = -20*k + 2. Determine x(4).
-78
Let j(k) = -7*k. Determine j(1).
-7
Let j(a) = a**3 + 3*a**2 - 2*a - 6. Determine j(-4).
-14
Let j(t) = t**3 + 7*t**2 + t + 5. Calculate j(-6).
35
Let d(z) = -z**2 + z - 5. Calculate d(0).
-5
Let c(j) = -j**3 + 25*j**2 - 45*j - 14. What is c(23)?
9
Let d(y) = -y**3 + 5*y**2 + 3*y + 14. What is d(6)?
-4
Let t(j) = -j**3 - 9*j**2 - 15*j + 11. What is t(-7)?
18
Let f(z) = z - 19. Determine f(12).
-7
Let v(k) = k**2 - 5*k - 9. Give v(-2).
5
Let c(q) = -q**2 + 32*q - 40. What is c(31)?
-9
Let g(y) = -y**3 - 7*y**2 - 5*y + 8. Determine g(-6).
2
Let n(q) = 2*q**2 + 11*q + 18. What is n(-3)?
3
Let p(o) = o**3 - 5*o**2 - 4*o + 13. Calculate p(5).
-7
Let w(f) = -f**3 - 48*f**2 + 156*f + 154. Calculate w(-51).
1
Let g(v) = -v**3 - 4*v**2 + 12*v + 3. Give g(-6).
3
Let j(g) = -g**3 - 9*g**2 - 6*g - 8. Calculate j(-8).
-24
Let q(j) = -25*j + 20. Give q(3).
-55
Let k(m) = 5*m. What is k(-7)?
-35
Let c(y) = y**2 + 18*y + 44. Calculate c(-15).
-1
Let s(w) = -24*w - 110. Determine s(-6).
34
Let d(q) = -12*q - 1. Calculate d(-1).
11
Let y(w) = -w**3 + 7*w**2 + 33*w - 21. Give y(10).
9
Let c(n) = 41*n**3 + 3*n**2 - 3*n + 3. Give c(1).
44
Let b(d) = -d**3 + d**2 + d - 2. Give b(0).
-2
Let b(x) = x**3 - 36*x**2 - 80*x + 162. Calculate b(38).
10
Let m(g) = g + 1. Give m(-11).
-10
Let b(q) = 2*q**2 - 3*q + 6. Calculate b(4).
26
Let h(t) = t**2 + 16*t + 42. Give h(-13).
3
Let g(l) = 3*l + 61. Give g(-18).
7
Let o(f) = 7*f - 7. Give o(5).
28
Let o(v) = v**3 - 14*v**2 + 12*v - 10. Calculate o(11).
-241
Let v(g) = -6*g + 39. Give v(8).
-9
Let i(t) = 2*t**2 + 3*t + 6. Give i(-2).
8
Let z(y) = 2*y + 10. Calculate z(-2).
6
Let z(u) = u**2 + 25*u + 9. Calculate z(-24).
-15
Let b(o) = o**3 + 25*o**2 + 24*o - 14. What is b(-24)?
-14
Let g(r) = r**2 - 6*r - 18. What is g(9)?
9
Let b(q) = -q**2 + 18*q - 46. What is b(16)?
-14
Let u(i) = i**3 - 7*i**2 + 7*i - 4. What is u(6)?
2
Let w(n) = n**2 + 5*n + 4. Determine w(-2).
-2
Let r(c) = c**3 + 5*c**2 + 2*c - 5. Give r(-5).
-15
Let h(z) = z**3 + z**2 - 4*z. Determine h(-3).
-6
Let t(g) = -g**2 + 5*g - 5. Give t(7).
-19
Let f(o) = o**3 + 18*o**2 - 15*o + 81. What is f(-19)?
5
Let v(t) = t**3 - 29*t**2 - 18. Give v(29).
-18
Let r(y) = -2*y**2 - 171*y - 255. Determine r(-84).
-3
Let q(x) = -x - 11. Calculate q(-7).
-4
Let l(w) = -w**3 - 5*w**2 - 3*w - 2. Give l(-4).
-6
Let m(t) = t**3 + 3*t**2 + t + 6. Determine m(-3).
3
Let a(b) = -4*b + 109. Calculate a(26).
5
Let r(p) = p**3 + 6*p**2 + 2*p - 10. Determine r(-4).
14
Let i(n) = -n**2 - 9*n - 19. Calculate i(-9).
-19
Let i(w) = -2*w - 2. Calculate i(-3).
4
Let s(x) = x**2 - x + 2. Calculate s(0).
2
Let z(x) = 19*x + 15. Give z(-1).
-4
Let b(p) = p**2 - 15*p - 4. Give b(17).
30
Let n(y) = -8*y + 14. What is n(-5)?
54
Let s(r) = 6*r. Calculate s(-3).
-18
Let x(f) = -2*f**2 + 12*f + 2. Calculate x(7).
-12
Let p(q) = -q**3 - 3*q**2 + 5*q + 3. Calculate p(-3).
-12
Let j(n) = -n**3 - 2*n**2 + 2*n + 10. What is j(-3)?
13
Let d(a) = a - 18. What is d(23)?
5
Let r(a) = -2*a**2 - 97*a - 400. Give r(-44).
-4
Let v(f) = f**2 - 6*f - 34. What is v(9)?
-7
Let j(l) = -l**3 + 13*l**2 - 16*l + 1. Calculate j(12).
-47
Let n(r) = 10*r**3 - r**2 - 2*r + 3. Give n(1).
10
Let w(f) = -f**2 - 3*f + 173. Determine w(12).
-7
Let f(j) = -7*j**2 - 3*j - 1. Give f(-2).
-23
Let d(q) = -19*q. What is d(-1)?
19
Let z(w) = w**2 + 37*w + 81. Give z(-35).
11
Let v(j) = j**3 - 20*j**2 + 35*j - 325. Determine v(19).
-21
Let t(v) = -2*v**2 + 5*v + 4. Calculate t(3).
1
Let p(b) = 16*b + 14. What is p(-4)?
-50
Let i(g) = g**2 - 12*g - 30. Give i(14).
-2
Let z(f) = -f + 14. Calculate z(2).
12
Let y(t) = t**3 - 11*t**2 + 29*t - 11. Determine y(4).
-7
Let c(z) = z**2 + z + 30. Give c(0).
30
Let o(w) = -w**3 - 7*w**2 + 9*w + 21. Give o(-8).
13
Let f(i) = -29*i**2 - i - 1. What is f(-1)?
-29
Let r(k) = -2*k + 59. Determine r(28).
3
Let b(f) = 3*f - 1. Give b(-7).
-22
Let j(o) = -7*o**2 + 4*o - 3. Give j(2).
-23
Let c(r) = -2*r**3 + 15*r**2 + 11*r - 24. What is c(8)?
0
Let b(p) = p**3 - 7*p**2 - 5*p + 4. Calculate b(8).
28
Let y(q) = -q**3 + 6*q**2 + 4*q - 9. Calculate y(4).
39
Let p(v) = -v**3 - 4*v**2 - 7*v - 22. Give p(-4).
6
Let a(z) = -z**3 + 2*z**2 - 4*z - 1. Calculate a(6).
-169
Let u(t) = t**3 + 5*t**2 + 5*t + 4. What is u(-5)?
-21
Let u(t) = 4*t - 43. Calculate u(14).
13
Let b(z) = -z**2 + 8*z - 13. What is b(10)?
-33
Let p(u) = 13*u**3 + u**2 + u - 2. What is p(1)?
13
Let g(d) = 9*d - 26. Calculate g(-3).
-53
Let l(x) = -x**3 - 8*x**2 - 5*x + 19. Give l(-7).
5
Let j(l) = l**3 + 26*l**2 + 154*l + 18. What is j(-17)?
1
Let w(o) = -2*o**2 - 8*o + 21. Determine w(4).
-43
Let x(m) = -2*m**3 + m**2 - 4*m + 4. What is x(3)?
-53
Let q(d) = 2*d**2 + d - 5. What is q(2)?
5
Let o(x) = -x**2 - 13*x - 36. Calculate o(-11).
-14
Let j(p) = -3*p**2 - 15*p + 19. What is j(-6)?
1
Let g(h) = -19*h**2 - 2*h + 1. Give g(1).
-20
Let z(k) = -2*k - 5. Calculate z(-2).
-1
Let u(v) = v**3 - 12*v**2 + 28*v - 22. Give u(9).
-13
Let q(o) = -3*o**2 - 29*o + 11. Determine q(-10).
1
Let d(o) = o**3 - 12*o**2 + 14*o + 9. Determine d(11).
42
Let r(x) = 17*x - 84. Calculate r(5).
1
Let q(d) = d. Calculate q(-5).
-5
Let b(d) = 16*d - 1. Give b(2).
31
Let y(b) = 49*b - 213. Give y(5).
32
Let s(g) = g + 2. Calculate s(9).
11
Let d(m) = 8*m - 5. Calculate d(5).
35
Let g(j) = -11*j**2 - j + 3. Determine g(-1).
-7
Let d(b) = b**3 + 4*b**2 + b + 31. What is d